**2 + 9*l - 16. Let o be c(7). Suppose -4*z + 0*z - 12 = 0. What are the prime factors of (z - o) + 15*1?
2, 7
Let t = 15 - -1. What are the prime factors of t?
2
Let h = 0 - 0. Let n(l) = -l**3 + 4*l**2 + l - 1. Let i be n(4). Suppose h = p + j - 9, 3*j - i = 2*p - 31. List the prime factors of p.
11
What are the prime factors of (5/15)/((-4)/(-876))?
73
Suppose 4 = 2*f - 2. Let q(m) = -m**2 + 3*m - 1. Let c(d) = 5*d**2 - 16*d + 6. Let p(t) = -2*c(t) - 11*q(t). What are the prime factors of p(f)?
5
Let m(t) = 6*t. Let v be m(4). Let a = v + -12. List the prime factors of a.
2, 3
What are the prime factors of 2/8 + 4/((-16)/(-267))?
67
Suppose -13 = 5*y - 3. Let q be 6/10 - y/5. Let k(d) = 8*d**2 + d. List the prime factors of k(q).
3
Let i be ((-9)/6 - -1)*0. Let s(t) = -t**2 + t + 16. List the prime factors of s(i).
2
Let f = 230 - 114. List the prime factors of f.
2, 29
Suppose -2*x - 3*x + 65 = 0. Let q = x - -8. List the prime factors of (q/(-6) + -2)*-2.
11
Suppose 3*a + 2 = a, -5*p + a - 4 = 0. Suppose -3*y - 18 = s + y, -2*y - 4 = -2*s. List the prime factors of ((-7)/(-2))/(p/s).
7
Let u(s) = s**3 + 4*s**2 + 3*s + 2. Let t be u(-3). Suppose 0 = -t*z + z + 18. List the prime factors of z.
2, 3
Let g = 89 - 51. Suppose 2*d + g = 4*d - t, -4*t - 67 = -3*d. What are the prime factors of d?
17
Let d be 5/(4 + 0 + -3). Suppose -19 = -d*p + 81. List the prime factors of p.
2, 5
Let p be 4/10 + 26/10. Suppose -k + p + 5 = 0. List the prime factors of k.
2
Suppose -5*n + 19 = -6*n. Let u = n - -35. List the prime factors of u.
2
Let s = 62 - 43. Let w = -21 - -12. Let r = s + w. What are the prime factors of r?
2, 5
Suppose -4*n + 4*q = -20, 0 = -2*q + 8 - 0. Suppose -4*m + 105 = -3*w, 4*w = 4*m - n*m + 139. What are the prime factors of m?
3
Let r(y) = -26*y. Let d be r(-2). Let w be 16/6 - (-8)/(-12). Suppose -5*z + z = -w*m - d, -z = 5*m + 9. List the prime factors of z.
11
Suppose 0 = b - 3*t - 54, 0 = -2*t - 2*t + 12. What are the prime factors of b?
3, 7
Let q = -29 - -64. List the prime factors of q.
5, 7
Let x = 31 + 6. What are the prime factors of x?
37
Suppose 0 = -8*x + 4*x + 3*t + 13, t = 2*x - 7. What are the prime factors of (x/6)/((-1)/(-6))?
2
Suppose -7*b + 9*b = 228. List the prime factors of b.
2, 3, 19
Suppose -42 = -4*l - 14. Let d be (0 - (3 + -1)) + 5. Suppose -5*m - 6*u + d*u = -33, u = -m + l. What are the prime factors of m?
2, 3
Let d = 62 + -28. List the prime factors of d.
2, 17
Let v be 558/(-12)*8/(-6). Let b = v - 44. What are the prime factors of b?
2, 3
Let m = 191 - 79. What are the prime factors of m?
2, 7
Let j(p) = -p**3 - 5*p**2 - 4*p + 2. Let u be j(-4). Let n be (0 - (0 - u)) + -1. What are the prime factors of (-20)/(-6)*n*3?
2, 5
Let j(l) = -l**3 + 5*l**2 - 3*l - 4. Let a be j(4). Let v be 0 + 13 + -1 + a. Suppose v = 3*p - 2*p. List the prime factors of p.
2, 3
Suppose v = -4*x + 2*v + 1438, x + 3*v = 366. List the prime factors of x.
2, 3, 5
Let t = 7 + -2. Suppose t*l + 10 - 65 = 0. What are the prime factors of l?
11
Let a(d) = 5*d - 1. Let u be a(1). Suppose 64 = 4*o + u. Suppose -2*w + o = w. What are the prime factors of w?
5
Let y = -2 + 6. Suppose -5 = -5*l - y*n + 50, -5*l = 5*n - 50. What are the prime factors of l?
3, 5
Let z = -20 + 35. Let u be (-6)/z - 16/10. List the prime factors of (4/3)/(u/(-15)).
2, 5
Suppose 116 = 3*i + k, 0*i - 5*k = 3*i - 112. List the prime factors of i.
3, 13
Let o(q) = q + 8. Let k be o(0). Suppose 0 = 2*r - 4*y - 24, y - k = 3*y. List the prime factors of r.
2
Let q = 1 - -4. Suppose -b = -0*b + q, 3*t + 26 = -4*b. What are the prime factors of t/7 - 102/(-14)?
7
Suppose -10*u + 685 = -5*u. What are the prime factors of u?
137
Let l(s) = -5*s - 1. Let p be l(-2). Let b(c) = -c**2 + 14*c - 7. Let n be b(p). Suppose 8*u - t - 65 = 3*u, 2*u + 2*t - n = 0. List the prime factors of u.
2, 7
Let q(i) be the third derivative of i**6/240 - i**5/40 - i**4/24 + 3*i**2. Let v(n) be the second derivative of q(n). List the prime factors of v(3).
2, 3
Suppose -38 = k - 103. Suppose 4*o = -o + k. What are the prime factors of o?
13
Let r(k) = k**3 + k**2 + k. List the prime factors of r(3).
3, 13
List the prime factors of (-4)/((-12)/(-9)) - -24.
3, 7
Let u be 28/(-8) + 6/4. Let i(y) be the first derivative of -y**2 - 4. What are the prime factors of i(u)?
2
Let g(b) be the second derivative of b**5/20 - b**4/3 - 2*b**3/3 + b. Let d be g(5). Suppose -j - 4*j + 69 = -3*r, 0 = j + d*r + 3. List the prime factors of j.
2, 3
Let w = 28 - 7. List the prime factors of w.
3, 7
Let c(a) = a. Let h be c(3). Let q be 5*(-6)/(-15) + 25. Suppose -66 = -8*t + 3*t + 2*r, 0 = -3*t - h*r + q. List the prime factors of t.
2, 3
Let q(m) = -m + 5. Let j be q(6). Let r(b) = -1 + 3*b**2 + 3*b**2 + 5*b**2 - 2*b. List the prime factors of r(j).
2, 3
Suppose -2*w + 69 = 3*u + 29, 2*w - 2*u - 40 = 0. What are the prime factors of ((-8)/10)/((-8)/w)?
2
Let k be 3*(3/9 + 0). Let o(f) = f - 3*f + 1 + 0*f**2 + 7*f**2. What are the prime factors of o(k)?
2, 3
Let v = -208 - -332. List the prime factors of v.
2, 31
Let m(c) = 12*c + 13. List the prime factors of m(12).
157
Let q(m) = 1 + 2*m + 2 + m**2 - 3*m**2 + 3*m**2. What are the prime factors of q(-2)?
3
Let z(s) = -2*s - 2. Let x(v) = -v**2 - v + 1. Let k be x(3). List the prime factors of z(k).
2, 5
Let f = 58 + 11. Suppose 0 = -0*y - 3*y + f. What are the prime factors of y?
23
List the prime factors of 194/10 + (-4)/10 + 3.
2, 11
Let t(w) = -w**3 + w**2 + 2*w + 7. What are the prime factors of t(0)?
7
Let o(j) = -j**2 + 3*j - 8 - 5*j + 9*j. Let g be o(6). What are the prime factors of (g + 4 - 1) + 7?
2
Let t(x) = x**2 + 3*x - 1. Let j be t(-4). Suppose 0 = -q + j + 10. List the prime factors of q.
13
List the prime factors of (36 - 33)/(0 - 3/(-7)).
7
Suppose 28 + 17 = 3*s. List the prime factors of (s/(-2))/(2/(-4)).
3, 5
Let d(y) = -4*y + 4. Suppose 7*w = 2*w - 40. What are the prime factors of d(w)?
2, 3
Let a = -4 + 6. Suppose -a*f - 3*f = -30. What are the prime factors of f?
2, 3
Let v be -1*2 - (3 + 13). Let h be (6/(-9))/(3/v). Suppose -h*f + 5*j + 48 = 0, -f - 6*j = -3*j - 12. List the prime factors of f.
2, 3
Let p(r) = -14*r - 9. List the prime factors of p(-4).
47
Let h be (-1 - 1) + 3/1. Let j = h - -5. List the prime factors of j.
2, 3
Let r be (-184)/(-10) + (-14)/35. Suppose -4*p + 129 = 5*w, 2*p = -w + r + 9. List the prime factors of w.
5
Let h be (-6)/(-1) - (3 + 0). Let j(t) = -t**2 + 2*t**h + 3*t**3 - 2*t**3 + 12 - 2*t**3 - t. What are the prime factors of j(0)?
2, 3
Suppose 120 = w + 2*w. What are the prime factors of w?
2, 5
Let s(q) = 3*q - 9. Let t be s(5). Let p = 14 - t. List the prime factors of p.
2
What are the prime factors of -1 - (-16)/(-3)*-3?
3, 5
Let y(n) be the third derivative of n**5/60 + 5*n**4/24 - 2*n**3/3 + 2*n**2. Let a be y(3). Let w = a + -14. What are the prime factors of w?
2, 3
Let i = 4 + -2. Suppose b + i*b = 36. List the prime factors of b.
2, 3
Suppose g - 2952 = -11*g. List the prime factors of g.
2, 3, 41
Suppose -t + 4*t - 192 = 0. Suppose -t = 3*j - 208. Suppose -3*w + 9 = 3*b - 9, 3*w = 3*b - j. List the prime factors of b.
11
Suppose -4*m = -2*x, 0 = -5*x + 2*m + 23 - 7. Let f = x + -4. Let r = f + 2. List the prime factors of r.
2
Suppose 4*n + 56 = -2*o, -3*n = o - 9 + 32. Let j = 2 - o. List the prime factors of j.
2, 5
Let j be (4 - 2)/((-2)/(-5)). Let p = -45 + 44. Let g = p + j. What are the prime factors of g?
2
Suppose 6 = -2*x + 18. List the prime factors of x.
2, 3
Let q be (12 - 16)*1/2. Let u = q - -20. What are the prime factors of u?
2, 3
Let a = -12 - -7. Let f = a + 17. Let w = f - 2. What are the prime factors of w?
2, 5
Let c(l) = -l**2 + 6*l. Let v be c(3). Suppose a = v + 11. Suppose -4*g + 3*g = -a. What are the prime factors of g?
2, 5
Suppose -5*f - 2*r = -383, 0*f = 3*f - r - 221. List the prime factors of f.
3, 5
Let c be (0 - 10/4)*-2. Suppose c*w + d - 103 = 0, -2*w + w + 23 = d. List the prime factors of w.
2, 5
Suppose 5*x = -4 - 6. Let d be 25 + x - (-2 + 1). Suppose -35 = -3*z - 2*q, q - d = 3*z - 56. What are the prime factors of z?
11
Suppose 0 = -s + o + 6, 5*s + 3*o + 4 = 18. Suppose -2*w + 64 + 30 = 4*j, 0 = 3*j - s*w - 87. What are the prime f